{"id":170,"date":"2013-09-30T16:17:16","date_gmt":"2013-09-30T19:17:16","guid":{"rendered":"http:\/\/medatlas.com.br\/?page_id=170"},"modified":"2013-10-02T20:37:31","modified_gmt":"2013-10-02T23:37:31","slug":"exames","status":"publish","type":"page","link":"https:\/\/medatlas.com.br\/?page_id=170","title":{"rendered":"Exames"},"content":{"rendered":"<p style=\"text-align: justify;\">Realizamos os seguintes exames dentro da cl\u00ednica:<\/p>\n<ul>\n<li style=\"text-align: justify;\">An\u00e1lises Cl\u00ednicas<\/li>\n<li style=\"text-align: justify;\">Audiometria<\/li>\n<li style=\"text-align: justify;\">Eletrocardiograma<\/li>\n<li style=\"text-align: justify;\">Eletroencefalograma<\/li>\n<li style=\"text-align: justify;\">Espirometria<\/li>\n<li style=\"text-align: justify;\">Optometria<\/li>\n<li style=\"text-align: justify;\">Raio-X<\/li>\n<\/ul>\n","protected":false},"excerpt":{"rendered":"<p>Realizamos os seguintes exames dentro da cl\u00ednica: An\u00e1lises Cl\u00ednicas Audiometria Eletrocardiograma Eletroencefalograma Espirometria Optometria Raio-X<\/p>\n","protected":false},"author":1,"featured_media":0,"parent":0,"menu_order":0,"comment_status":"closed","ping_status":"closed","template":"","meta":[],"_links":{"self":[{"href":"https:\/\/medatlas.com.br\/index.php?rest_route=\/wp\/v2\/pages\/170"}],"collection":[{"href":"https:\/\/medatlas.com.br\/index.php?rest_route=\/wp\/v2\/pages"}],"about":[{"href":"https:\/\/medatlas.com.br\/index.php?rest_route=\/wp\/v2\/types\/page"}],"author":[{"embeddable":true,"href":"https:\/\/medatlas.com.br\/index.php?rest_route=\/wp\/v2\/users\/1"}],"replies":[{"embeddable":true,"href":"https:\/\/medatlas.com.br\/index.php?rest_route=%2Fwp%2Fv2%2Fcomments&post=170"}],"version-history":[{"count":0,"href":"https:\/\/medatlas.com.br\/index.php?rest_route=\/wp\/v2\/pages\/170\/revisions"}],"wp:attachment":[{"href":"https:\/\/medatlas.com.br\/index.php?rest_route=%2Fwp%2Fv2%2Fmedia&parent=170"}],"curies":[{"name":"wp","href":"https:\/\/api.w.org\/{rel}","templated":true}]}}