{"id":24,"date":"2013-08-28T20:30:21","date_gmt":"2013-08-28T23:30:21","guid":{"rendered":"http:\/\/medatlas.com.br\/?page_id=24"},"modified":"2013-10-07T21:56:19","modified_gmt":"2013-10-08T00:56:19","slug":"instituicao","status":"publish","type":"page","link":"https:\/\/medatlas.com.br\/?page_id=24","title":{"rendered":"Institui\u00e7\u00e3o"},"content":{"rendered":"<p style=\"text-align: justify;\">A Atlas \u00e9 uma empresa especializada em Seguran\u00e7a e Medicina do Trabalho, sediada em Colatina no estado do Esp\u00edrito Santo, atuando no mercado com uma ampla variedade de servi\u00e7os espec\u00edficos na \u00e1rea, oferecendo solu\u00e7\u00f5es eficazes, econ\u00f4micas e inovando na Gest\u00e3o de Seguran\u00e7a e Sa\u00fade do Trabalho.<\/p>\n<p style=\"text-align: justify;\">Sempre atenta \u00e0 promo\u00e7\u00e3o e preserva\u00e7\u00e3o do bem-estar do trabalhador, nossos profissionais s\u00e3o altamente capacitados, atualizados e envolvidos com as necessidades do mercado e, aliada \u00e0 sua ampla experi\u00eancia profissional, nossa equipe oferece uma cuidadosa an\u00e1lise do campo de atua\u00e7\u00e3o espec\u00edfica de seu neg\u00f3cio.<\/p>\n<p style=\"text-align: justify;\">Disponibilizamos de um sistema de software individualizado e espec\u00edfico para \u00e1rea da Medicina e Seguran\u00e7a Ocupacionais com banco de dados inteiramente digitalizado com disponibiliza\u00e7\u00e3o online de seus resultados, recurso que proporciona um atendimento mais \u00e1gil, seguro e diferenciado \u00e0s empresas clientes. Atrav\u00e9s de um sistema de alertas, nossos clientes sempre s\u00e3o avisados, via e-mail, quando algum servi\u00e7o est\u00e1 com o vencimento pr\u00f3ximo.<\/p>\n<p style=\"text-align: justify;\">Prezamos por um servi\u00e7o de qualidade que otimize as rela\u00e7\u00f5es de trabalho e a produtividade de forma eficiente e compromissada com as empresas e seus colaboradores.<\/p>\n<blockquote>\n<p style=\"text-align: justify;\">Temos a miss\u00e3o de desenvolver a pr\u00e1tica da medicina e seguran\u00e7a do trabalho com qualidade nos servi\u00e7os prestados, respeitando a legisla\u00e7\u00e3o e a \u00e9tica profissional. Objetivando trazer para seus clientes sa\u00fade, seguran\u00e7a e bem estar dentro das empresas, prevenindo acidentes e assim promovendo maior qualidade de trabalho.<\/p>\n<\/blockquote>\n<blockquote>\n<p style=\"text-align: justify;\">A nossa vis\u00e3o \u00e9 a de ser refer\u00eancia de uma empresa com \u00e9tica e responsabilidade social nos mercados de seguran\u00e7a do trabalho e medicina ocupacional, sempre aprimorando seus servi\u00e7os.<\/p>\n<\/blockquote>\n<p style=\"text-align: justify;\">\n","protected":false},"excerpt":{"rendered":"<p>A Atlas \u00e9 uma empresa especializada em Seguran\u00e7a e Medicina do Trabalho, sediada em Colatina no estado do Esp\u00edrito Santo, atuando no mercado com uma ampla variedade de servi\u00e7os espec\u00edficos na \u00e1rea, oferecendo solu\u00e7\u00f5es eficazes, econ\u00f4micas e inovando na Gest\u00e3o de Seguran\u00e7a e Sa\u00fade do Trabalho. Sempre atenta \u00e0 promo\u00e7\u00e3o e preserva\u00e7\u00e3o do bem-estar do [&hellip;]<\/p>\n","protected":false},"author":1,"featured_media":0,"parent":138,"menu_order":0,"comment_status":"closed","ping_status":"closed","template":"","meta":[],"_links":{"self":[{"href":"https:\/\/medatlas.com.br\/index.php?rest_route=\/wp\/v2\/pages\/24"}],"collection":[{"href":"https:\/\/medatlas.com.br\/index.php?rest_route=\/wp\/v2\/pages"}],"about":[{"href":"https:\/\/medatlas.com.br\/index.php?rest_route=\/wp\/v2\/types\/page"}],"author":[{"embeddable":true,"href":"https:\/\/medatlas.com.br\/index.php?rest_route=\/wp\/v2\/users\/1"}],"replies":[{"embeddable":true,"href":"https:\/\/medatlas.com.br\/index.php?rest_route=%2Fwp%2Fv2%2Fcomments&post=24"}],"version-history":[{"count":0,"href":"https:\/\/medatlas.com.br\/index.php?rest_route=\/wp\/v2\/pages\/24\/revisions"}],"up":[{"embeddable":true,"href":"https:\/\/medatlas.com.br\/index.php?rest_route=\/wp\/v2\/pages\/138"}],"wp:attachment":[{"href":"https:\/\/medatlas.com.br\/index.php?rest_route=%2Fwp%2Fv2%2Fmedia&parent=24"}],"curies":[{"name":"wp","href":"https:\/\/api.w.org\/{rel}","templated":true}]}}