{"id":28,"date":"2013-08-28T20:37:08","date_gmt":"2013-08-28T23:37:08","guid":{"rendered":"http:\/\/medatlas.com.br\/?page_id=28"},"modified":"2013-10-09T20:25:58","modified_gmt":"2013-10-09T23:25:58","slug":"servicos","status":"publish","type":"page","link":"https:\/\/medatlas.com.br\/?page_id=28","title":{"rendered":"Servi\u00e7os"},"content":{"rendered":"<p style=\"text-align: justify;\">Nossa empresa presta servi\u00e7os na \u00e1rea de seguran\u00e7a e\u00a0 medicina do trabalho ou ocupacional com o objetivo de proteger os funcion\u00e1rios de ficar sem aux\u00edlio quanto aos riscos de exercerem suas fun\u00e7\u00f5es e tamb\u00e9m proteger as empresas que executam seus trabalhos dentro dos moldes legais.<img loading=\"lazy\" class=\"size-full wp-image-325 alignright\" alt=\"\" src=\"http:\/\/medatlas.com.br\/wp-content\/uploads\/2013\/08\/servicos.jpg\" width=\"300\" height=\"200\" srcset=\"https:\/\/medatlas.com.br\/wp-content\/uploads\/2013\/08\/servicos.jpg 300w, https:\/\/medatlas.com.br\/wp-content\/uploads\/2013\/08\/servicos-150x100.jpg 150w\" sizes=\"(max-width: 300px) 100vw, 300px\" \/><\/p>\n<p style=\"text-align: justify;\">O m\u00e9dico do trabalho tamb\u00e9m observa a situa\u00e7\u00e3o de sa\u00fade de um candidato a emprego antes mesmo de ele entrar para a firma, sabendo seu estado de sa\u00fade para que assim possa admitir ou n\u00e3o esse funcion\u00e1rio, e tamb\u00e9m para estar a par de sua sa\u00fade e em caso de demiss\u00e3o, saber o que essa pessoa tinha antes mesmo de trabalhar para a empresa, sem que ela possa acusar a empresa de ter adquirido alguma doen\u00e7a do trabalho.<\/p>\n<p style=\"text-align: justify;\">Os riscos ocupacionais dentro de uma empresa podem ou n\u00e3o existir, mas cabe ao m\u00e9dico do trabalho estar a par deles para que assim possa tomar alguma provid\u00eancia a respeito, seja em defesa do paciente ou em defesa da empresa para a qual trabalham.<\/p>\n<p style=\"text-align: justify;\">Para cumprir o nosso objetivos realizamos todas as exig\u00eancias que constam nas Normas Regulamentadoras do Minist\u00e9rio do Trabalho e Emprego, elaboramos e emitimos:<\/p>\n<ul style=\"text-align: justify;\">\n<li>ASO (Atestado de Sa\u00fade Ocupacional)<\/li>\n<li>CIPA (Comiss\u00e3o Interna de Preven\u00e7\u00e3o de Acidentes)<\/li>\n<li>Laudo Ergon\u00f4mico<\/li>\n<li>Laudo de Insalubridade<\/li>\n<li>Laudo de Periculosidade<\/li>\n<li>LTCAT (Laudo T\u00e9cnico das Condi\u00e7\u00f5es do Ambiente de Trabalho)<\/li>\n<li>PCMSO (Programa de Controle M\u00e9dico de Sa\u00fade Ocupacional)<\/li>\n<li>PGR (Programa de Gerenciamento de Riscos)<\/li>\n<li>PPRA (Programa de Prote\u00e7\u00e3o de Riscos Ambientais)<\/li>\n<li>Treinamentos (ex: DST, Combate a inc\u00eandio, Instala\u00e7\u00f5es el\u00e9tricas, CIPA, etc.)<\/li>\n<\/ul>\n<p style=\"text-align: justify;\">Nossa empresa conta ainda com todo o aparato de aparelhos para a realiza\u00e7\u00e3o de todos os laudos, exames laboratoriais e complementares isso possibilita que voc\u00ea tenha a comodidade de resolver toda a quest\u00e3o de medicina e seguran\u00e7a do trabalho em um s\u00f3 lugar.<\/p>\n","protected":false},"excerpt":{"rendered":"<p>Nossa empresa presta servi\u00e7os na \u00e1rea de seguran\u00e7a e\u00a0 medicina do trabalho ou ocupacional com o objetivo de proteger os funcion\u00e1rios de ficar sem aux\u00edlio quanto aos riscos de exercerem suas fun\u00e7\u00f5es e tamb\u00e9m proteger as empresas que executam seus trabalhos dentro dos moldes legais. O m\u00e9dico do trabalho tamb\u00e9m observa a situa\u00e7\u00e3o de sa\u00fade [&hellip;]<\/p>\n","protected":false},"author":1,"featured_media":0,"parent":0,"menu_order":0,"comment_status":"closed","ping_status":"closed","template":"","meta":[],"_links":{"self":[{"href":"https:\/\/medatlas.com.br\/index.php?rest_route=\/wp\/v2\/pages\/28"}],"collection":[{"href":"https:\/\/medatlas.com.br\/index.php?rest_route=\/wp\/v2\/pages"}],"about":[{"href":"https:\/\/medatlas.com.br\/index.php?rest_route=\/wp\/v2\/types\/page"}],"author":[{"embeddable":true,"href":"https:\/\/medatlas.com.br\/index.php?rest_route=\/wp\/v2\/users\/1"}],"replies":[{"embeddable":true,"href":"https:\/\/medatlas.com.br\/index.php?rest_route=%2Fwp%2Fv2%2Fcomments&post=28"}],"version-history":[{"count":0,"href":"https:\/\/medatlas.com.br\/index.php?rest_route=\/wp\/v2\/pages\/28\/revisions"}],"wp:attachment":[{"href":"https:\/\/medatlas.com.br\/index.php?rest_route=%2Fwp%2Fv2%2Fmedia&parent=28"}],"curies":[{"name":"wp","href":"https:\/\/api.w.org\/{rel}","templated":true}]}}